 the greatest common factor of m and c.
12
Suppose 3*t - p = -5*p + 10, -5*t = 2*p - 12. Let c be (-2 - -2) + (-45)/(1 - t). Calculate the greatest common divisor of 9 and c.
9
Let a(j) = 10*j**3 + 4*j**2 + 2*j - 7. Let d be a(5). Calculate the highest common factor of d and 123.
123
Let d = 119 + -65. Suppose 0 = 2*l + 3*a - 31 - 2, d = 5*l - 2*a. Suppose 8*c = 20 + 4. What is the greatest common factor of l and c?
3
Let g = -9 + -5. Let c be (-6158)/(-14) + (-2)/g. Calculate the greatest common factor of c and 40.
40
Suppose 1577*z + 660 = 1583*z. Suppose 2*n + 11 = 3*n. What is the greatest common factor of n and z?
11
Let u(m) = m**2 - 3*m. Let l be u(5). Suppose 2*y = 2 + l. Let h be 9/y*(13 - 1). Calculate the greatest common divisor of h and 45.
9
Let p(s) = s**2 + 3*s - 26. Let w be p(-14). What is the highest common factor of w and 4?
4
Suppose 0 = -4*o - 20, 606 + 1380 = 2*d + 4*o. Suppose -d - 3092 = -15*v. Calculate the greatest common divisor of 39 and v.
39
Suppose -20 = -w - 3*w. Let y be w*4/(-5)*-6. Suppose y = -3*u + 6*u. What is the greatest common divisor of u and 56?
8
Suppose 29*z = 22*z + 63. Calculate the highest common factor of 21 and z.
3
Let i(m) = 12*m**2 + 63*m. Let j be i(-6). What is the highest common divisor of 783 and j?
27
Suppose 4*j - 282 = -3*q, -5*q + 2*q + 255 = -5*j. Suppose 5*s - 25 = 0, 2*h = -h - 5*s + 133. Calculate the highest common divisor of q and h.
18
Suppose 7*t + 21 = 63. What is the highest common factor of 24 and t?
6
Suppose -2*t + 0*t + 8 = 0, 3*w = 2*t + 313. Calculate the greatest common divisor of w and 1391.
107
Let n(d) = -2*d**2 - d + 4. Let h be n(0). Suppose -15 = -3*t + 2*t + 2*q, 5*t + h*q - 103 = 0. What is the greatest common factor of 76 and t?
19
Let o be (-1)/((-8)/(-28) - (-11)/(-14)). Suppose 2*g + 4 = o*r, 1 = -r + 3*g - 1. Calculate the greatest common factor of 12 and r.
4
Suppose 1058*z = 1046*z + 624. What is the highest common divisor of 182 and z?
26
Suppose -4204 = -2*v - 5*k + 2252, -3*k = 2*v - 6452. What is the greatest common factor of v and 11?
11
Suppose 0 = -5*s + 34 + 46. Let v = 20 - s. Suppose -h - v*h = -140. Calculate the greatest common factor of h and 42.
14
Suppose -9 = -3*g - 3. Let i(p) = 6*p**2 - 7*p + 9. Let u be i(g). What is the greatest common divisor of u and 38?
19
Let g(w) = -4*w**3 + 37*w**2 - 26*w + 8. Let d be g(8). Let x be -6*(-8)/(0 - -2). What is the greatest common divisor of x and d?
24
Let w be (-10)/((-200)/(-12)) - 73/(-5). Suppose -d = d - w. Calculate the greatest common factor of 42 and d.
7
Let w(f) = 21*f**2 + 125*f. Let v be w(-6). What is the highest common divisor of 8 and v?
2
Suppose 3*l = 3*k - 195, k + l = -0*k + 63. Let z = 74 - k. Let q be (5*3)/(6/4). Calculate the greatest common factor of q and z.
10
Let l(g) = -g**2 - 18*g + 6. Let z be l(-16). Calculate the greatest common factor of z and 38.
38
Let l(g) = g**2 - 8. Suppose -3*f + f - 4*p + 42 = 0, -f + 24 = 3*p. Let o = f + -20. Let k be l(o). What is the greatest common divisor of 187 and k?
17
Suppose 0 = 5*a + 4*q + 18, -a + 0*q + 3*q = 15. Let n be 161/10 + a/60. What is the greatest common factor of 4 and n?
4
Let x be (-23 + 9)*2*6/(-8). Let h be 0 + (0/2)/1. Suppose 2*b - 6 = -h. Calculate the greatest common factor of b and x.
3
Suppose -5*v + 10 - 50 = 0. Let k(n) = -n**2 - 10*n + 4. Let i be k(v). Suppose -2*b - i = -120. What is the greatest common factor of 5 and b?
5
Let q(a) = a**2 + 5*a + 9. Let t be q(-6). Let s = 149 + 110. Suppose 41 = 5*m - s. What is the highest common factor of m and t?
15
Suppose -273 = -4*r + 239. Suppose 0*k + r = k. Let i = 236 - k. Calculate the greatest common divisor of 12 and i.
12
Let l(q) = -q**3 - 12*q**2 + 27*q - 18. Let k be l(-14). Let r be 2/k*-10 - -2. Calculate the highest common factor of r and 49.
7
Suppose 2*k - 196 = -56. What is the greatest common divisor of 35 and k?
35
Let o(j) = 8*j**2 - 8*j + 13. Let q be o(9). Let k = q + -259. Calculate the highest common divisor of 30 and k.
30
Let r(n) = -16*n + 29. Let h be r(0). Calculate the greatest common factor of h and 29.
29
Let m(t) = -2*t + 17. Let v be m(9). Let o = v - -5. Suppose -5*l - 4*z - 14 + 54 = 0, -z - 53 = -o*l. Calculate the highest common divisor of 3 and l.
3
Suppose -3*n = 4*n - 56. Suppose 4*k = n*k - 108. Calculate the greatest common factor of k and 3.
3
Let a(w) = 12*w + 5. Let m be a(15). Calculate the highest common factor of m and 37.
37
Let j(k) = k**2 - 2*k + 8. Let h be 8/(-6) + 24/18. Let d be j(h). Calculate the highest common factor of d and 56.
8
Let c = -11 - -10. Let u = -1 - c. Suppose u = -2*z + 17 + 1. Calculate the greatest common factor of 1 and z.
1
Let d(o) = -20*o - 507. Let a be d(-26). What is the highest common factor of 3263 and a?
13
Suppose -3*d = -d + 8. Let h be (-1 + -35)*-8*(-10)/(-240). Let u = d + h. What is the greatest common factor of u and 20?
4
Suppose 0 = q - 2*p - 44, -3*q + p - 2*p = -132. Suppose -2*c - 3*n = -2*n - 26, q = 4*c - 2*n. What is the highest common divisor of 3 and c?
3
Suppose n + 5*l + 1550 = 6*n, -3*n - 5*l + 970 = 0. Let z be 216/(-60)*70/(-4). Calculate the highest common divisor of z and n.
63
Let a be 86/2 - (-1 - (2 - 4)). Suppose -z - c + 6*c + 25 = 0, 2*z - a = 2*c. Let m = 6 + -2. Calculate the highest common divisor of z and m.
4
Let k(i) = 2*i**3 + 45*i**2 + 19*i - 29. Let h be k(-22). Calculate the greatest common divisor of h and 851.
37
Suppose 0 = -17*x + 12*x + 165. Calculate the greatest common divisor of x and 297.
33
Let m be (-20)/(-6) + (-9)/27. Suppose 2 = s - m*u + 2*u, -38 = -4*s - 2*u. Calculate the greatest common factor of s and 7.
7
Let m(q) = q**3 + 6*q**2 - 9*q - 9. Let l be m(-7). Suppose 0 = -2*a, l*a = -3*i + 11 + 19. Let z = 109 + i. Calculate the greatest common divisor of z and 17.
17
Suppose -2*o = 3*h - 490, -446 = -5*o + h + 762. What is the highest common divisor of o and 88?
22
Suppose -3*v = -3*x + 21, 5*x + v = 4*v + 29. Suppose 0 = x*d - d + 105. Let i be 2 - 8/4*d. What is the greatest common divisor of 8 and i?
8
Let l = 430 - -131. Calculate the greatest common factor of 51 and l.
51
Suppose -5*u + 556 = 9*q - 6*q, 0 = -2*u + 4*q + 212. Suppose -5*x = -41 - 9. Calculate the highest common divisor of u and x.
10
Let i be -1266*11*(-27)/162. What is the highest common divisor of i and 11?
11
Let n = -20 - -14. Let p = 0 - n. Suppose z = -f + 14, -4*f = -p*z + 3*z + 7. What is the highest common divisor of z and 81?
9
Let l = 122 + -38. What is the greatest common divisor of 42 and l?
42
Suppose 4*d = 6*d. Suppose d = -3*f + 10 - 7. Let q be ((-7)/14)/(f/(-18)). Calculate the greatest common factor of 72 and q.
9
Suppose 54 = 4*v + 30. Let o be (v/4)/((-10)/(-60)). What is the highest common divisor of o and 18?
9
Suppose -2*s + 230 = -o, 62*o - 232 = -2*s + 64*o. Calculate the highest common divisor of s and 608.
38
Suppose 3*y - 2*y - 21 = 5*c, -11 = 3*c + y. Let t be 14/c*(-10 - -4). Calculate the greatest common divisor of 21 and t.
21
Let d(c) = c**3 + c**2 + 1. Let m(o) = -3*o**3 + 3*o**2 + 3*o + 5. Let p(a) = 2*d(a) + m(a). Let n be p(5). What is the highest common factor of 110 and n?
22
Let r(x) = -5*x**2 - 9*x + 2. Let s be r(-4). Let h be ((-357)/s)/(2/4). Let j = h + -1. Calculate the highest common divisor of j and 176.
16
Suppose 0 = 5*l - 3*y - 7, -3 = l - 0*l - 5*y. Calculate the highest common divisor of 107 and l.
1
Let g(z) = z**3 - 9*z**2 + 10*z + 10. Let d be g(10). Suppose j = 8*j - d. What is the greatest common divisor of j and 45?
15
Suppose 0 = 3*m + 4*v - 33, 2*m + 27 = 3*m - 4*v. What is the highest common factor of 885 and m?
15
Let s be 2 + (-5)/(2 + -7). Suppose 3*x = -s*j + 105, 0*x + 104 = 3*j + 4*x. Calculate the highest common divisor of 4 and j.
4
Let i = 43 - 20. Let r be ((-44)/(-8) - 5)*1*138. Calculate the greatest common factor of r and i.
23
Let g(z) = -17*z - 1. Suppose 15 = -3*o - 3*a, -a - 2 = -2*o - 0. Let n be g(o). Let b = -1 + 5. What is the highest common divisor of b and n?
4
Suppose 23*x = 18*x + 1375. Calculate the highest common divisor of x and 22.
11
Suppose -14 = -s + 20. Suppose -2*v = -s + 4. Calculate the highest common divisor of v and 60.
15
Suppose 0 = k + 6. L